2464
What is 11010002012 (base 3) in base 5?
10042403
-247703 (base 10) to base 8
-743627
Convert 122044222 (base 5) to base 6.
20242403
Convert -7a9a (base 12) to base 6.
-143114
Convert -1021255414 (base 6) to base 14.
-15ca20a
What is -11233323000 (base 4) in base 14?
-2b32b6
Convert -1222010 (base 7) to base 12.
-76872
Convert -3b3c9a (base 13) to base 14.
-295884
-101100100101000100100100 (base 2) to base 15
-105c88a
What is -28b5049 (base 13) in base 11?
-7344a01
Convert 211257 (base 9) to base 11.
86404
What is -68ac1 (base 14) in base 10?
-254577
What is -2b319 (base 16) in base 5?
-21130141
Convert -3300111210 (base 4) to base 2.
-11110000010101100100
What is -76aa52 (base 13) in base 16?
-2aa2a0
Convert -3020105 (base 6) to base 5.
-14030401
Convert 141504210 (base 6) to base 11.
16a119a
-23342503 (base 6) to base 12
-2b1a33
Convert -11001111100010011110111 (base 2) to base 15.
-8e5006
Convert 6650032 (base 8) to base 16.
1b501a
Convert -320131030 (base 4) to base 8.
-703514
Convert 30d97 (base 14) to base 16.
1cca9
Convert 6dc2b (base 15) to base 3.
122210121112
Convert 22033001 (base 4) to base 11.
29550
Convert -20121222100 (base 3) to base 7.
-1052250
Convert 53e9b (base 16) to base 11.
215261
What is -8776a (base 13) in base 10?
-245138
-2913010 (base 12) to base 6
-452320020
What is 3580333 (base 9) in base 2?
111011010001100111001
Convert -224254543 (base 6) to base 15.
-568556
What is -111101000011110000 (base 2) in base 5?
-31000341
68f8 (base 16) to base 13
c301
Convert -202222110 (base 3) to base 8.
-35676
-3052446 (base 7) to base 6
-11501500
What is -2123301000 (base 4) in base 12?
-269280
What is 1321042 (base 6) in base 14?
1c774
Convert 4022665 (base 8) to base 5.
232330404
Convert -2021221010 (base 3) to base 11.
-30a13
Convert 41102446 (base 7) to base 9.
6406404
What is -1011001100001000101110 (base 2) in base 10?
-2933294
What is 3042678 (base 9) in base 5?
403410312
Convert 110301033 (base 4) to base 5.
10210241
-4503122 (base 8) to base 10
-1214034
What is 1a18 (base 14) in base 15?
1601
45a17 (base 13) to base 5
13030224
-1300810 (base 11) to base 6
-120203005
Convert 3485a0 (base 14) to base 9.
3327630
What is 4252410 (base 7) in base 15?
a3339
What is 1043304 (base 5) in base 6?
222003
What is 76a68 (base 11) in base 8?
332215
What is -214907 (base 11) in base 15?
-6ba28
422031004 (base 5) to base 9
3260261
Convert -10202213022 (base 4) to base 14.
-22db2a
What is -11121101021112 (base 3) in base 2?
-1001010101101100111001
What is 2777729 (base 12) in base 14?
108cb97
Convert 4228280 (base 9) to base 11.
1306299
Convert 1cc465 (base 13) to base 5.
142204043
Convert 2211102222210 (base 3) to base 9.
2742883
What is 2764129 (base 11) in base 6?
250034345
-200200111001 (base 3) to base 9
-620431
101010000111101111110 (base 2) to base 8
5207576
-11bb961 (base 13) to base 8
-25100370
-201233102133 (base 4) to base 3
-121122100022010
-277758 (base 10) to base 7
-2234535
1e39b (base 15) to base 16
18188
Convert 8227435 (base 9) to base 10.
4388207
What is 201212000222 (base 3) in base 7?
3215162
15453405 (base 6) to base 3
1001000122112
-19bd1e (base 15) to base 8
-4623247
100230030101 (base 4) to base 3
22020021210122
Convert -1a86a48 (base 11) to base 14.
-674835
Convert 8a5d (base 15) to base 14.
a998
-24516622 (base 8) to base 14
-a0d1d0
What is -1111100011101011 (base 2) in base 14?
-19319
What is 2035220 (base 6) in base 2?
11000000000111100
-1132420321 (base 5) to base 6
-132120255
Convert 7090913 (base 10) to base 14.
d2821b
Convert -4044313 (base 5) to base 4.
-100000233
-56346 (base 9) to base 10
-37464
-ac104c (base 13) to base 15
-552533
1056418 (base 12) to base 10
3100628
Convert -4a060b (base 14) to base 11.
-14828aa
What is -5314926 (base 10) in base 5?
-2330034201
64520122 (base 7) to base 6
313522244
What is -c3543 (base 13) in base 5?
-42201343
What is 101101010001010110111 (base 2) in base 16?
16a2b7
Convert -66302 (base 7) to base 10.
-16613
23accb (base 16) to base 3
11101210010102
What is 20b (base 16) in base 13?
313
What is -3ccc8 (base 14) in base 6?
-3121412
1dea20 (base 15) to base 12
5a8b86
Convert -1110100111000101 (base 2) to base 15.
-12aea
-7078419 (base 10) to base 8
-33001023
Convert c2edb0 (base 16) to base 2.
110000101110110110110000
536985 (base 10) to base 12
21a909
Convert 100011010010010010010001 (base 2) to base 10.
9249937
Convert -180701 (base 9) to base 16.
-1b5e9
What is -2310125 (base 6) in base 10?
-117989
What is 32241010 (base 5) in base 6?
5514505
What is 220070 (base 12) in base 10?
539220
What is -11523407 (base 10) in base 14?
-175d6c7
-102224032 (base 5) to base 10
-429892
What is 31606505 (base 7) in base 15?
3826d8
What is 39423 (base 13) in base 5?
11344121
What is 1001110220010 (base 3) in base 7?
4523115
Convert 3222222 (base 4) to base 5.
440033
100100011101000101111010 (base 2) to base 14
13aa8c2
What is -801645 (base 9) in base 11?
-2a394a
What is 249e7 (base 15) in base 10?
116992
Convert 130310110033 (base 4) to base 6.
425525411
-1373034 (base 8) to base 11
-247588
-12014002 (base 7) to base 10
-1062616
Convert 1001200002 (base 3) to base 14.
788c
What is 27445428 (base 9) in base 5?
11432134320
What is -15e05 (base 16) in base 5?
-10331410
Convert 3694b (base 14) to base 9.
223161
What is -1040726 (base 8) in base 16?
-441d6
What is a2534 (base 12) in base 3?
101202020011
1562101 (base 7) to base 14
59038
Convert 172365 (base 8) to base 13.
2270a
What is -122200101201 (base 4) in base 10?
-6947937
-5454171 (base 9) to base 3
-12111211012101
Convert -22010131 (base 4) to base 10.
-41245
What is 20657 (base 9) in base 8?
32534
What is 394068 (base 11) in base 5?
124322240
What is 12011121000 (base 3) in base 6?
2103043
10200102002210 (base 3) to base 12
7a4433
What is -97031 (base 11) in base 10?
-141120
What is -22925 (base 12) in base 2?
-1011010010101101
Convert 1171834 (base 9) to base 14.
12862d
Convert 12110111200112 (base 3) to base 13.
7a869a
What is 104738 (base 13) in base 11?
240537
Convert 78782 (base 13) to base 8.
653250
What is -cb5a21 (base 13) in base 3?
-22222222012112
Convert -13a701 (base 11) to base 14.
-59c04
What is -213455453 (base 6) in base 13?
-a38a77
110200301031 (base 4) to base 15
713336
110003003 (base 4) to base 10
82115
What is 140853 (base 11) in base 10?
220641
What is 2065213 (base 7) in base 5?
31022102
6502603 (base 7) to base 14
16833a
Convert 13635 (base 7) to base 13.
1926
-19c2baa (base 13) to base 11
-4898417
What is -2d58d (base 14) in base 11?
-783a1
-4062123 (base 10) to base 9
-7571160
What is -2144051 (base 9) in base 10?
-1151137
30320233 (base 4) to base 3
2200101221
Convert -3afd6 (base 16) to base 11.
-155597
What is -6264676 (base 10) in base 7?
-104151235
What is 1e01d (base 16) in base 12?
5b165
What is 1793396 (base 10) in base 16?
1b5d74
Convert -890224 (base 10) to base 11.
-558925
Convert 14565038 (base 9) to base 12.
2515a68
Convert -9102664 (base 10) to base 11.
-5157a6a
Convert -4303333 (base 6) to base 3.
-101201001210
Convert 10101001100010011000010 (base 2) to base 15.
74b099
What is 1230cc (base 13) in base 16?
6a3e6
-18b0c (base 15) to base 11
-5520a
-5075555 (base 8) to base 13
-37cc92
What is -1102045 (base 7) in base 6?
-2521451
Convert -1213406 (base 13) to base 9.
-11482832
-23433040 (base 6) to base 7
-6152220
What is -802a9 (base 16) in base 2?
-10000000001010101001
102202021100 (base 3) to base 14
6040b
Convert 101000011011011011010 (base 2) to base 13.
374caa
Convert -1203024 (base 7) to base 8.
-451366
10021000120020 (base 3) to base 8
6467643
What is -642652 (base 7) in base 4?
-123031213
10001120200120 (base 3) to base 6
54501110
Convert 4032022 (base 5) to base 15.
14242
What is -28268 (base 9) in base 8?
-45352
What is -203332002 (base 4) in base 5?
-14203310
-17a6a2 (base 11) to base 2
-1000011110010110110
45527 (base 10) to base 11
31229
3212110031 (base 4) to base 16
e650d
201512 (base 9) to base 3
20001120102
105112350 (base 6) to base 16
1d55ea
What is -100201112120120 (base 3) in base 16?
-4ed9d4
2681586 (base 9) to base 10
1470876
What is -98840 (base 10) in base 6?
-2041332
-1493cb (base 16) to base 14
-271655
Convert 14344003 (base 5) to base 2.
1001010101101